{"id":271,"date":"2019-05-20T13:07:14","date_gmt":"2019-05-20T13:07:14","guid":{"rendered":"https:\/\/janelasdomar.com.br\/pousada\/?page_id=271"},"modified":"2022-03-05T10:28:50","modified_gmt":"2022-03-05T10:28:50","slug":"a-pousada","status":"publish","type":"page","link":"https:\/\/janelasdomar.com.br\/pousada\/a-pousada\/","title":{"rendered":"A Pousada"},"content":{"rendered":"<p>[vc_row css_animation=&#8221;&#8221; row_type=&#8221;row&#8221; use_row_as_full_screen_section=&#8221;no&#8221; type=&#8221;full_width&#8221; angled_section=&#8221;no&#8221; text_align=&#8221;left&#8221; background_image_as_pattern=&#8221;without_pattern&#8221;][vc_column width=&#8221;1\/2&#8243;][vc_single_image image=&#8221;300&#8243; img_size=&#8221;large&#8221; qode_css_animation=&#8221;&#8221;][\/vc_column][vc_column width=&#8221;1\/2&#8243;][vc_column_text]<span style=\"color: #555555;\">Estamos localizados\u00a0<b>no melhor ponto da praia de Flecheiras<\/b>, entre os principais s\u00edmbolos, vista privilegiada e p\u00e9 na areia. Quando a mar\u00e9 est\u00e1 baixa, piscinas naturais se formam entre os arrecifes, deixando a frente da pousada ainda mais bela.<\/span><span style=\"color: #333333;\"><br \/>\n<\/span><span style=\"color: #555555;\">Nossa pousada valoriza a cultura, a arte e os artesanatos do Cear\u00e1. Ao longos dos anos, ampliamos as decora\u00e7\u00f5es e atualmente temos um dos maiores acervos de arte do estado, entre, pinturas, artesanatos, esculturas, r\u00e9plicas teatrais e decora\u00e7\u00f5es caracter\u00edsticas da regi\u00e3o.<\/span><span style=\"color: #333333;\"><br \/>\n<\/span><span style=\"color: #555555;\">Um jardim repleto de flores e coqueiros que deixa o ambiente mais agrad\u00e1vel, dispondo de uma piscina com chafariz central e ilumina\u00e7\u00e3o em led, onde, ap\u00f3s o p\u00f4r do sol temos proje\u00e7\u00e3o de show musical, e, para a alegria de nossos h\u00f3spedes, uma fogueira ecol\u00f3gica na praia com luau indescrit\u00edvel.<\/span>[\/vc_column_text][\/vc_column][\/vc_row][vc_row css_animation=&#8221;&#8221; row_type=&#8221;row&#8221; use_row_as_full_screen_section=&#8221;no&#8221; type=&#8221;full_width&#8221; angled_section=&#8221;no&#8221; text_align=&#8221;left&#8221; background_image_as_pattern=&#8221;without_pattern&#8221;][vc_column][vc_empty_space][vc_raw_html]JTNDaWZyYW1lJTIwd2lkdGglM0QlMjIxMDAlMjUlMjIlMjBoZWlnaHQlM0QlMjI2MDBweCUyMiUyMHNyYyUzRCUyMmh0dHBzJTNBJTJGJTJGd3d3LnlvdXR1YmUuY29tJTJGZW1iZWQlMkZKTWVmWmd5X2JMdyUyMiUyMGZyYW1lYm9yZGVyJTNEJTIyMCUyMiUyMGFsbG93JTNEJTIyYWNjZWxlcm9tZXRlciUzQiUyMGF1dG9wbGF5JTNCJTIwZW5jcnlwdGVkLW1lZGlhJTNCJTIwZ3lyb3Njb3BlJTNCJTIwcGljdHVyZS1pbi1waWN0dXJlJTIyJTIwYWxsb3dmdWxsc2NyZWVuJTNFJTNDJTJGaWZyYW1lJTNF[\/vc_raw_html][vc_empty_space][\/vc_column][\/vc_row][vc_row css_animation=&#8221;&#8221; row_type=&#8221;row&#8221; use_row_as_full_screen_section=&#8221;no&#8221; type=&#8221;full_width&#8221; angled_section=&#8221;no&#8221; text_align=&#8221;left&#8221; background_image_as_pattern=&#8221;without_pattern&#8221;][vc_column][vc_empty_space][vc_column_text]<\/p>\n<h3 style=\"text-align: center;\"><span style=\"color: #0000ff;\"><strong><em>Restaurantes parceiros e vizinhos.<\/em><\/strong><\/span><\/h3>\n<p>[\/vc_column_text][vc_empty_space][\/vc_column][\/vc_row][vc_row css_animation=&#8221;&#8221; row_type=&#8221;row&#8221; use_row_as_full_screen_section=&#8221;no&#8221; type=&#8221;full_width&#8221; angled_section=&#8221;no&#8221; text_align=&#8221;left&#8221; background_image_as_pattern=&#8221;without_pattern&#8221;][vc_column width=&#8221;1\/3&#8243;][vc_column_text]<\/p>\n<h5 style=\"text-align: center;\"><span style=\"color: #0000ff;\"><strong>Restaurante Caravelas<\/strong><\/span><\/h5>\n<p>[\/vc_column_text][vc_gmaps link=&#8221;#E-8_JTNDaWZyYW1lJTIwc3JjJTNEJTIyaHR0cHMlM0ElMkYlMkZ3d3cuZ29vZ2xlLmNvbSUyRm1hcHMlMkZlbWJlZCUzRnBiJTNEJTIxNHYxNTYyODc4NzA2NzA4JTIxNm04JTIxMW03JTIxMXNDQW9TTEVGR01WRnBjRTFxUkVGSFFXcHRlVEJEYjBOMU5tSkdjVWhzTldKa1NHUlZXa1ZXVVZsUFoyUk1jV05VJTIxMm0yJTIxMWQtMy4yMTg4ODMzJTIxMmQtMzkuMjY4MTclMjEzZjAlMjE0ZjAlMjE1ZjAuNzgyMDg2NTk3NDYyNzQ2OSUyMiUyMHdpZHRoJTNEJTIyNjAwJTIyJTIwaGVpZ2h0JTNEJTIyNDUwJTIyJTIwZnJhbWVib3JkZXIlM0QlMjIwJTIyJTIwc3R5bGUlM0QlMjJib3JkZXIlM0EwJTIyJTIwYWxsb3dmdWxsc2NyZWVuJTNFJTNDJTJGaWZyYW1lJTNF&#8221;][\/vc_column][vc_column width=&#8221;1\/3&#8243;][vc_column_text]<\/p>\n<h5 style=\"text-align: center;\"><span style=\"color: #0000ff;\"><strong>Restaurante Mar\u00e9 Alta<\/strong><\/span><\/h5>\n<p>[\/vc_column_text][vc_gmaps link=&#8221;#E-8_JTNDaWZyYW1lJTIwc3JjJTNEJTIyaHR0cHMlM0ElMkYlMkZ3d3cuZ29vZ2xlLmNvbSUyRm1hcHMlMkZlbWJlZCUzRnBiJTNEJTIxNHYxNTYyODc3ODQxMTM5JTIxNm04JTIxMW03JTIxMXNDQW9TTEVGR01WRnBjRkJtYmxFMk0xOVlkbUZ3ZFMxa1ZscFhZemR1WkRWbFR5MHpWWFp6UjIxSGIwRXRjMHh3JTIxMm0yJTIxMWQtMy4yMTg4NDY3JTIxMmQtMzkuMjY4NDQ1JTIxM2Y2LjY3OTEwMjQzNDk1MDY2NCUyMTRmLTIuNzU0MDMzNTczNDQ4MTI2JTIxNWYwLjc4MjA4NjU5NzQ2Mjc0NjklMjIlMjB3aWR0aCUzRCUyMjYwMCUyMiUyMGhlaWdodCUzRCUyMjQ1MCUyMiUyMGZyYW1lYm9yZGVyJTNEJTIyMCUyMiUyMHN0eWxlJTNEJTIyYm9yZGVyJTNBMCUyMiUyMGFsbG93ZnVsbHNjcmVlbiUzRSUzQyUyRmlmcmFtZSUzRQ==&#8221;][\/vc_column][vc_column width=&#8221;1\/3&#8243;][vc_column_text]<\/p>\n<h5 style=\"text-align: center;\"><span style=\"color: #0000ff;\"><strong>Restaurante Mar\u00edtimo<\/strong><\/span><\/h5>\n<p>[\/vc_column_text][vc_gmaps link=&#8221;#E-8_JTNDaWZyYW1lJTIwc3JjJTNEJTIyaHR0cHMlM0ElMkYlMkZ3d3cuZ29vZ2xlLmNvbSUyRm1hcHMlMkZlbWJlZCUzRnBiJTNEJTIxNHYxNTcwODI1OTA4NjU4JTIxNm04JTIxMW03JTIxMXNDQW9TTEVGR01WRnBjRTlpV0ZKUllrSTFjR2d3VG1jNVJVNWlXblE1VkRJdFltVlNNekZ3TFVwNVVXRlJlRTlpJTIxMm0yJTIxMWQtMy4yMTkxMDUlMjEyZC0zOS4yNjg1NyUyMTNmMjA3LjQ0MzIwMzI3Mjg5ODIlMjE0Zi0yLjMyMzMwNDU3NTU4OTE3NjYlMjE1ZjAuNzgyMDg2NTk3NDYyNzQ2OSUyMiUyMHdpZHRoJTNEJTIyNjAwJTIyJTIwaGVpZ2h0JTNEJTIyNDUwJTIyJTIwZnJhbWVib3JkZXIlM0QlMjIwJTIyJTIwc3R5bGUlM0QlMjJib3JkZXIlM0EwJTNCJTIyJTIwYWxsb3dmdWxsc2NyZWVuJTNEJTIyJTIyJTNFJTNDJTJGaWZyYW1lJTNF&#8221;][\/vc_column][\/vc_row]<\/p>\n","protected":false},"excerpt":{"rendered":"<p>[vc_row css_animation=&#8221;&#8221; row_type=&#8221;row&#8221; use_row_as_full_screen_section=&#8221;no&#8221; type=&#8221;full_width&#8221; angled_section=&#8221;no&#8221; text_align=&#8221;left&#8221; background_image_as_pattern=&#8221;without_pattern&#8221;][vc_column width=&#8221;1\/2&#8243;][vc_single_image image=&#8221;300&#8243; img_size=&#8221;large&#8221; qode_css_animation=&#8221;&#8221;][\/vc_column][vc_column width=&#8221;1\/2&#8243;][vc_column_text]Estamos localizados\u00a0no melhor ponto da praia de Flecheiras, entre os principais s\u00edmbolos, vista privilegiada e p\u00e9 na areia. Quando a mar\u00e9 est\u00e1 baixa, piscinas naturais se formam entre os arrecifes, deixando a frente&#8230;<\/p>\n","protected":false},"author":1,"featured_media":0,"parent":0,"menu_order":0,"comment_status":"closed","ping_status":"closed","template":"","meta":[],"_links":{"self":[{"href":"https:\/\/janelasdomar.com.br\/pousada\/wp-json\/wp\/v2\/pages\/271"}],"collection":[{"href":"https:\/\/janelasdomar.com.br\/pousada\/wp-json\/wp\/v2\/pages"}],"about":[{"href":"https:\/\/janelasdomar.com.br\/pousada\/wp-json\/wp\/v2\/types\/page"}],"author":[{"embeddable":true,"href":"https:\/\/janelasdomar.com.br\/pousada\/wp-json\/wp\/v2\/users\/1"}],"replies":[{"embeddable":true,"href":"https:\/\/janelasdomar.com.br\/pousada\/wp-json\/wp\/v2\/comments?post=271"}],"version-history":[{"count":45,"href":"https:\/\/janelasdomar.com.br\/pousada\/wp-json\/wp\/v2\/pages\/271\/revisions"}],"predecessor-version":[{"id":603,"href":"https:\/\/janelasdomar.com.br\/pousada\/wp-json\/wp\/v2\/pages\/271\/revisions\/603"}],"wp:attachment":[{"href":"https:\/\/janelasdomar.com.br\/pousada\/wp-json\/wp\/v2\/media?parent=271"}],"curies":[{"name":"wp","href":"https:\/\/api.w.org\/{rel}","templated":true}]}}