{"id":453,"date":"2019-07-11T23:47:30","date_gmt":"2019-07-11T23:47:30","guid":{"rendered":"https:\/\/janelasdomar.com.br\/pousada\/?page_id=453"},"modified":"2020-08-04T10:56:50","modified_gmt":"2020-08-04T10:56:50","slug":"eventos","status":"publish","type":"page","link":"https:\/\/janelasdomar.com.br\/pousada\/eventos\/","title":{"rendered":"Eventos"},"content":{"rendered":"<p>[vc_row css_animation=&#8221;&#8221; row_type=&#8221;row&#8221; use_row_as_full_screen_section=&#8221;no&#8221; type=&#8221;full_width&#8221; angled_section=&#8221;no&#8221; text_align=&#8221;left&#8221; background_image_as_pattern=&#8221;without_pattern&#8221;][vc_column width=&#8221;1\/2&#8243;][vc_column_text]<\/p>\n<h4 class=\"p1\"><span class=\"s1\">Casamentos<\/span><\/h4>\n<p>[\/vc_column_text][vc_column_text]<\/p>\n<p class=\"p1\"><span class=\"s1\">A Pousada Janelas do Mar \u00e9 o local perfeito para imortalizar seu desejo de casar com o p\u00e9 na areia, nossa pousada fica em frente um dos principais s\u00edmbolos de Flecheiras, as piscinas naturais, que se formam quando a mar\u00e9 est\u00e1 baixa. Um local paradis\u00edaco, com natureza e som do mar, onde, noivos e convidados desfrutar\u00e3o de um ambiente especial e inesquec\u00edvel.<\/span><\/p>\n<p class=\"p1\"><span class=\"s1\"><b>Espa\u00e7os e capacidade<\/b><\/span><\/p>\n<p class=\"p1\"><span class=\"s1\">A Pousada Janelas do Mar disp\u00f5e de v\u00e1rios ambientes para a celebra\u00e7\u00e3o deste dia, um jardim cercado de muitos coqueiros, palmeiras, flores e plantas para deixar o clima ainda mais ex\u00f3tico, dando todo charme e requinte para este lindo e importante dia.<\/span><\/p>\n<p class=\"p1\"><span class=\"s1\"><b>Servi\u00e7os<\/b><\/span><\/p>\n<p class=\"p1\"><span class=\"s1\">Para maior comodidade oferecemos um completo servi\u00e7o de alojamento, alguns quartos com vistas para o mar e para piscina, com ilumina\u00e7\u00e3o em led e projetos de shows musicais, que podem ser utilizados para retrospectivas do casal. Todas as acomoda\u00e7\u00f5es est\u00e3o completas com televisor, climatiza\u00e7\u00e3o, frigobar e cama box. Tamb\u00e9m personalizamos quartos para lua de mel.<\/span><\/p>\n<p>[\/vc_column_text][\/vc_column][vc_column width=&#8221;1\/2&#8243;][vc_single_image image=&#8221;568&#8243; img_size=&#8221;large&#8221; alignment=&#8221;center&#8221; qode_css_animation=&#8221;&#8221;][\/vc_column][\/vc_row][vc_row css_animation=&#8221;&#8221; row_type=&#8221;row&#8221; use_row_as_full_screen_section=&#8221;no&#8221; type=&#8221;full_width&#8221; angled_section=&#8221;no&#8221; text_align=&#8221;left&#8221; background_image_as_pattern=&#8221;without_pattern&#8221;][vc_column][vc_empty_space][\/vc_column][\/vc_row][vc_row css_animation=&#8221;&#8221; row_type=&#8221;row&#8221; use_row_as_full_screen_section=&#8221;no&#8221; type=&#8221;full_width&#8221; angled_section=&#8221;no&#8221; text_align=&#8221;left&#8221; background_image_as_pattern=&#8221;without_pattern&#8221;][vc_column width=&#8221;1\/2&#8243;][vc_single_image image=&#8221;570&#8243; img_size=&#8221;large&#8221; alignment=&#8221;center&#8221; qode_css_animation=&#8221;&#8221;][\/vc_column][vc_column width=&#8221;1\/2&#8243;][vc_column_text]<\/p>\n<h4 class=\"p1\"><span class=\"s1\"><b>Anivers\u00e1rios e Comemora\u00e7\u00f5es<\/b><\/span><\/h4>\n<p>[\/vc_column_text][vc_column_text]<\/p>\n<p class=\"p1\"><span class=\"s1\">Nossa consultoria de Marketing ajuda voc\u00ea realizar qualquer tipo de evento em nosso espa\u00e7o, sendo, uma festa de anivers\u00e1rio, datas comemorativas, festas de fim de ano ou evento profissional deixando tudo inesquec\u00edvel e agrad\u00e1vel.<\/span><\/p>\n<p>[\/vc_column_text][vc_single_image image=&#8221;512&#8243; img_size=&#8221;medium&#8221; alignment=&#8221;center&#8221; qode_css_animation=&#8221;&#8221;][\/vc_column][\/vc_row][vc_row css_animation=&#8221;&#8221; row_type=&#8221;row&#8221; use_row_as_full_screen_section=&#8221;no&#8221; type=&#8221;full_width&#8221; angled_section=&#8221;no&#8221; text_align=&#8221;left&#8221; background_image_as_pattern=&#8221;without_pattern&#8221;][vc_column][vc_empty_space][\/vc_column][\/vc_row]<\/p>\n","protected":false},"excerpt":{"rendered":"<p>[vc_row css_animation=&#8221;&#8221; row_type=&#8221;row&#8221; use_row_as_full_screen_section=&#8221;no&#8221; type=&#8221;full_width&#8221; angled_section=&#8221;no&#8221; text_align=&#8221;left&#8221; background_image_as_pattern=&#8221;without_pattern&#8221;][vc_column width=&#8221;1\/2&#8243;][vc_column_text] Casamentos [\/vc_column_text][vc_column_text] A Pousada Janelas do Mar \u00e9 o local perfeito para imortalizar seu desejo de casar com o p\u00e9 na areia, nossa pousada fica em frente um dos principais s\u00edmbolos de Flecheiras, as piscinas naturais,&#8230;<\/p>\n","protected":false},"author":2,"featured_media":0,"parent":0,"menu_order":0,"comment_status":"closed","ping_status":"closed","template":"","meta":[],"_links":{"self":[{"href":"https:\/\/janelasdomar.com.br\/pousada\/wp-json\/wp\/v2\/pages\/453"}],"collection":[{"href":"https:\/\/janelasdomar.com.br\/pousada\/wp-json\/wp\/v2\/pages"}],"about":[{"href":"https:\/\/janelasdomar.com.br\/pousada\/wp-json\/wp\/v2\/types\/page"}],"author":[{"embeddable":true,"href":"https:\/\/janelasdomar.com.br\/pousada\/wp-json\/wp\/v2\/users\/2"}],"replies":[{"embeddable":true,"href":"https:\/\/janelasdomar.com.br\/pousada\/wp-json\/wp\/v2\/comments?post=453"}],"version-history":[{"count":11,"href":"https:\/\/janelasdomar.com.br\/pousada\/wp-json\/wp\/v2\/pages\/453\/revisions"}],"predecessor-version":[{"id":572,"href":"https:\/\/janelasdomar.com.br\/pousada\/wp-json\/wp\/v2\/pages\/453\/revisions\/572"}],"wp:attachment":[{"href":"https:\/\/janelasdomar.com.br\/pousada\/wp-json\/wp\/v2\/media?parent=453"}],"curies":[{"name":"wp","href":"https:\/\/api.w.org\/{rel}","templated":true}]}}